 x(j) = -75*j**3 + 5*j**2 - 137*j - 569. Let i be x(-4). Calculate the highest common divisor of i and 43.
43
Suppose -2*t + u = 21, 0 = 2*t - 3*u - 1 + 16. Let q be t/(-10)*(-1430)/33. Let b = q - -76. Calculate the greatest common divisor of 8 and b.
8
Let y be 4/1 - (13 + -34). Let q be (-10 - 2970/(-12))*(1 + 1). Calculate the greatest common divisor of y and q.
25
Suppose 0 = -5*n - 35 + 25. Let t be ((-10)/4 - n)/(15/(-540)). Calculate the highest common factor of t and 2.
2
Suppose -24107 = -4*a + 3*d, 139*d = -a + 136*d + 5993. What is the highest common factor of 420 and a?
140
Let i(n) = 116*n**2 - 23*n + 65. Let x be i(5). Calculate the highest common factor of 228 and x.
114
Let t(q) = 348*q + 12934. Let a be t(-37). Calculate the greatest common factor of 377 and a.
29
Suppose 24 = 4*m + 4*t, 4*m - 21 = -2*t - 5. Suppose 5*r + 254 = m*o + 3*r, 4*o + r - 533 = 0. Calculate the highest common divisor of o and 220.
44
Let f(r) = r**3 + 75*r**2 - 91*r + 48. Let g be f(-76). What is the greatest common divisor of 1276 and g?
44
Suppose n + 33 = 4*c - 4, 5*c + 3*n - 59 = 0. Let g be ((-44)/(-10))/(c/275). What is the greatest common factor of g and 11?
11
Suppose -p - 4381 = -8071. What is the greatest common factor of 450 and p?
90
Let x(l) = -163*l**2 + 514*l - 47. Let h be x(3). Let j(i) = -57*i - 1. Let b be j(-1). Calculate the highest common factor of b and h.
28
Let s(k) = 4*k - 26 + 3*k + 21 + k**2 + 9*k. Let t be s(3). What is the greatest common factor of t and 130?
26
Suppose s + 3 = m, 0*m = -5*m + s + 19. Let d = -5087 - -5093. What is the greatest common divisor of m and d?
2
Let a = 4185 - -8003. Calculate the highest common divisor of 44 and a.
44
Let f(n) = 26*n**2 - 13*n + 7. Let m be f(1). Calculate the highest common divisor of m and 4255.
5
Suppose 3*h = -5*r + 329, 4*r - 2*h = 5*r - 70. Calculate the highest common divisor of r and 124.
4
Suppose 3*l - 1848 = -4*u, 5*u = -0*u - 3*l + 2310. Let h = -314 + u. Calculate the highest common divisor of 37 and h.
37
Let p = -8 + 16. Let a = 112793 - 112717. Calculate the greatest common factor of p and a.
4
Let n = 467 - 795. Let p = -34 - n. What is the highest common factor of p and 42?
42
Suppose 198 = -41*m + 59*m. What is the greatest common factor of m and 30349?
11
Let b(x) = x**2 + 13*x + 48. Let w be (-9)/135*9 + 67/(-5). Let y be b(w). Calculate the greatest common divisor of 2 and y.
2
Let y be -5*1 - (137 + -22). Let u be (-6)/8 + 5/(y/(-1218)). Calculate the highest common factor of 2 and u.
2
Let l(a) = a**3 + 15*a**2 + 17*a + 187. Let i be l(-13). What is the greatest common divisor of i and 1444?
76
Let t(y) = y**3 + 8*y**2 + 6*y + 7. Let i = 130 - 137. Let n be t(i). Calculate the greatest common factor of 224 and n.
14
Let l be 20/30*(10 - -2)*57. Calculate the greatest common factor of 1672 and l.
152
Let u be (-5)/10*-1*(24 - 0 - -4). What is the greatest common divisor of u and 502?
2
Let v = -38 + 70. Let m = 108 + -103. Suppose 2*c = -4*g + 62, m*g + 4*c - 28 = 48. What is the greatest common factor of g and v?
16
Let j be 59*7 - 21/(-7). Let n = -99 + 196. Suppose 91*o - n*o = -312. What is the highest common divisor of j and o?
52
Let r be ((-6)/8)/(((-63)/140)/9). Let z = 19 - r. Let y be (6/6)/(z/20). What is the highest common divisor of 40 and y?
5
Let z(t) = 2*t**2 + 8*t - 16. Let w be z(-7). Suppose -j + 6*j = -4*v + w, 10 = 5*j. Let y be 4 + (4 - 2)*v. Calculate the greatest common factor of 84 and y.
12
Let y = -1865 - -2674. Let g = y + -800. What is the highest common factor of 171 and g?
9
Let t(p) = -p**3 + 63*p**2 + 63*p + 127. Let u be t(64). What is the highest common factor of u and 231?
21
Let c(j) = j**3 + j - 1. Let m be c(2). Suppose 203 + 382 = 11*p - 207. Calculate the greatest common factor of p and m.
9
Let p(l) = l. Let n be p(3). Suppose -217 = -n*d + 53. Let c = 400596 - 400587. Calculate the highest common divisor of d and c.
9
Let z = 20595 - 20495. Let l(w) be the second derivative of w**3/3 - w**2 - w. Let c be l(6). What is the greatest common divisor of c and z?
10
Let c = 11 + 31. Let j(w) = -w - 5. Let v be j(-5). Suppose v = 23*f - 363 - 2052. What is the greatest common divisor of f and c?
21
Suppose 0*p = -p + 4*l - 12, 2*l = 4*p - 8. Suppose 432 = -2*j + 20*j. Suppose 0 = 7*d - p*d - j. Calculate the highest common factor of 88 and d.
8
Let g be 165/5 + -1 - 0. Let y(i) = 2*i + 5. Let r be y(4). Let j = r + -5. Calculate the greatest common divisor of g and j.
8
Let g = 2339 - 2013. Calculate the highest common factor of g and 4.
2
Suppose -352 = -157*y + 853 - 263. Let c = 66 + -47. Let r be 1/5 + c/5. What is the greatest common factor of r and y?
2
Suppose 3*b = -39*g + 41*g - 36, 4*b = g - 23. What is the highest common factor of 200 and g?
5
Suppose 4*v + 23 = -21. Let r = v - -24. Let z be (-9 - -30)*2/6 - -6. Calculate the highest common factor of z and r.
13
Suppose -5*r + 6*r = -2*r. Suppose 66*h - 74*h + 480 = r. What is the highest common factor of 960 and h?
60
Let q be ((-24)/14)/(3/(-707)). What is the greatest common factor of q and 16?
4
Suppose 0 = 7*w - 17*w + 130. Let g = w - -67. Let u(d) = -d**3 - d**2 + 3*d + 1. Let s be u(-3). What is the greatest common factor of g and s?
10
Let g(l) = 4*l**3 + 49*l**2 - 102*l - 2. Let j be g(-14). What is the highest common divisor of j and 6777?
27
Let r(u) = u**2 - 8*u. Let k be r(8). Let f(p) = 5*p + 7. Let i be f(k). Calculate the highest common divisor of i and 5.
1
Let w(a) = 8*a**3 + 3*a**2 + 11*a - 29. Let q be w(4). Calculate the highest common factor of q and 1.
1
Let x be (-3)/(-4) - (-32)/(3712/33553). Calculate the greatest common factor of x and 190.
10
Suppose -6*l + 2640 = 6*l. Let f be 2/11 + 49240/l. Let j be 6/(-10) + (-429)/(-15). What is the highest common factor of f and j?
28
Let p be (-9)/21 + 17/7. Suppose -2*i + 59 = p*i - 3*k, 25 = 2*i + 3*k. Let a be i/49 + 68/7 - 2. What is the greatest common factor of a and 88?
8
Suppose 4*f - 97 = 11. Let q be 6/(-27) + 735/f. Suppose 61 = p - q. Calculate the highest common factor of p and 220.
44
Let s = -98 - -91. Let g(l) = -12*l - 69. Let b be g(s). Suppose 0 = 4*x - 88 - 32. Calculate the greatest common factor of b and x.
15
Let w = 6334 - 6323. Let q be (-4)/(-14) - 1242/(-14). Suppose r - 5*v - q = 0, 3*r - 4*r = 4*v - 107. Calculate the highest common divisor of r and w.
11
Let d = -3 - -2. Let s(n) = -6*n**3 + n. Let v be s(d). Suppose 5*r - 74*t - 137 = -75*t, r - 3*t + 11 = 0. Calculate the greatest common factor of v and r.
5
Suppose -2*v - 4*p = -120, 2*p = 4*v - 102 - 138. Suppose v = 16*m - 21*m. Let a be 3 + (-24)/(27/m + 2). Calculate the highest common divisor of a and 11.
11
Suppose 2*m - 2 = 2*h, -4*h + 3*h = 3*m - 15. Suppose -17 - 3 = -m*f. Suppose -428*t + 831 = 760 - 1213. What is the highest common factor of t and f?
1
Let b(i) = -14*i - 54. Let o be b(-4). Let l = -690 - -718. Calculate the highest common factor of l and o.
2
Suppose -3*y + 705 - 666 = 0. Suppose o + 212 = 5*v, 4*v = -y*o + 14*o + 170. Let x be (-1)/(5/24)*-70. Calculate the highest common divisor of x and v.
42
Suppose 24*h = 25*h - 3. Suppose -h*y + 214 = -y + j, -3*y + 323 = 2*j. Suppose -11*v = -16 - y. Calculate the highest common divisor of v and 11.
11
Suppose -206 = -5*j + 3*j - 4*i, 2*j - 16*i - 226 = 0. Let l(v) = -20*v + 4. Let k be l(-4). Calculate the highest common divisor of j and k.
21
Suppose -882 = -15*b + 1289 - 281. What is the highest common divisor of b and 56?
14
Let d be 3884455/665 + 9/(-7). What is the greatest common factor of d and 73?
73
Let r be 3*345/(-9)*4/(-5). What is the highest common divisor of 3818 and r?
46
Let y(o) = -2*o + 682. Let n be y(-50). Calculate the greatest common divisor of 1104 and n.
46
Let d(l) = -6*l**3 - 15*l**2 + 2590. Let o be d(0). Calculate the greatest common divisor of 222 and o.
74
Let m(s) = -194*s**3 - 36*s**2 - 29*s - 9. Let g be m(-3). Calculate the highest common factor of g and 39.
39
Let f be (-3)/5 - (-1 + 2681/(-35)). Let u be (f/3)/((-28)/(-84)). What is the greatest common factor of u and 143?
11
Suppose -s - 76 = -4*q + s, -2*s + 104 = 5*q. Let z be (-69)/3 - (-6)/(-2). Let u = z - -34. Calculate the greatest com